 - -1) + 2 - 4.
5
What is 12 + -1 + (-4 - 1) + 0?
6
What is (-1 - -1) + (-12 + 3 - -3)?
-6
What is the value of -43 + 39 - (2 + (-8 - 2))?
4
What is 0 + 0 - (-2 - -4)?
-2
Evaluate -4 + 18 + -7 - 9.
-2
What is the value of 3 + (-1 - -5 - 5)?
2
What is 2 - (1 - 0 - -3)?
-2
What is the value of (-10 + 11 - (0 - -3)) + -1?
-3
(8 + -2 - 2) + -1 + -9
-6
Evaluate 1 - (-1 - (-12 + 6)).
-4
Evaluate (7 - 4) + -7 + (12 - -1).
9
What is -3 + 12 + (-13 - -6)?
2
What is -4 - 2 - (22 + -24)?
-4
What is 8 - (2 + (-8 - -14))?
0
Evaluate 8 + -3 + -8 + 0 + 6.
3
Calculate -1 - -3 - (6 + -1).
-3
Calculate 5 + -3 - (4 + -4 + 2).
0
What is the value of (1 - 1) + (0 - (3 - 3))?
0
-5 + 2 + 3 + -5
-5
Calculate -2 - (7 - 2 - 5).
-2
What is the value of 9 + (-1 - -4) - 13?
-1
-7 - (-3 + 5 - (8 - -2))
1
What is -2 - (3 + -2 - -5) - -2?
-6
-1 + (6 - 7) - (-1 + 2)
-3
Evaluate -10 + 12 - (0 + (2 - 4)).
4
What is -3 + 3 - (3 + -1 - 0)?
-2
-2 - (-4 - -3 - 3)
2
What is 1 - (-2 - (2 - (3 + 1)))?
1
Calculate -9 + (4 - -3) + 6.
4
What is 3 + -3 + (14 - 9)?
5
What is (2 + -7 - -2) + 2 + 2?
1
Calculate 1 - (3 - (3 + 4 - 3)).
2
-4 - (-1 + (-3 - -9) - 15)
6
Evaluate -3 + -8 - (-23 + 17).
-5
What is the value of -5 - (3 + -4 + 3) - -18?
11
-9 - (-13 + 0 + 3)
1
What is -4 + -3 - (-22 - -11)?
4
Calculate 11 - (11 - 6) - 3.
3
Calculate -9 - (-5 + (-7 - -1)).
2
Calculate -4 + (-7 + 3 - -5).
-3
(0 - ((-4 - 1) + 6)) + 3
2
What is -1 - (1 + -3 + 3) - 3?
-5
What is 5 + 2 + -6 + -7?
-6
Calculate -1 - (0 + (-5 - -2) - -4).
-2
What is the value of -7 + 15 + -4 + -2?
2
Evaluate 9 + 0 - (-2 + 15).
-4
Evaluate (-101 - -107) + (-1 - 12).
-7
Evaluate (-10 - -7) + (12 - 6).
3
Calculate -5 - (4 - 5) - (-6 - 3).
5
What is the value of -2 + 8 - (-8 + 2 + 3)?
9
What is 111 + -114 + (1 - -4)?
2
(10 - (-4 + 14)) + (1 - -4)
5
Calculate -1 - ((-5 - -10) + -10).
4
Calculate 4 - (-8 - -11) - (-3 + 2).
2
What is the value of -12 + 7 + 0 - -4?
-1
What is 4 + -1 - (38 + -29)?
-6
Evaluate -3 + (5 - 0) + -2.
0
What is (-4 - 0) + -13 + 14 + 2?
-1
Evaluate 6 + (1 - (2 + -4) - 4).
5
What is -115 + 107 - (-6 + -1)?
-1
Evaluate -32 - -46 - (9 + 1).
4
Evaluate (4 + -8 - 0) + 3 - -12.
11
What is -1 + (0 - (3 - 2))?
-2
-3 + 9 - (0 - -1)
5
10 + -4 - 13 - -10
3
6 + -7 + (1 - 6) + -1
-7
What is (9 - (10 - 2)) + 3?
4
What is the value of 1 - (0 + -2) - (-34 + 31)?
6
Calculate -1 + -3 + (-2 - (-16 - -8)).
2
What is the value of -3 - 0 - -2 - (0 + 1)?
-2
What is the value of -5 - (-8 + 2 - -7)?
-6
What is the value of 3 + (2 - -3) - 8?
0
Calculate 1 + 5 + -6 - 4.
-4
Calculate -3 - -5 - 3 - (13 + -9).
-5
What is 1 + 14 + (-1 - (6 + -2))?
10
What is -4 + 10 + -2 + 2?
6
Calculate -2 + (3 + -4 - -3) - 4.
-4
Calculate 8 - 1 - 0 - 4.
3
What is the value of (-1 - -6) + (-2 - (2 - 0))?
1
Evaluate (-15 - -2) + (6 - -1).
-6
4 - (6 - (0 - 5))
-7
-7 + 5 - (-3 + -4 + 1)
4
(11 - (12 - 6)) + 2
7
Evaluate -7 - (3 + (-2 - 6)) - -7.
5
0 + (1 - -3) + -6
-2
What is the value of (0 - -2) + (-9 - 0) + 4?
-3
What is the value of 7 - (4 - (-3 + 1))?
1
What is the value of -8 + -9 + 15 - -7?
5
-5 - -3 - (-6 + (-2 - -5))
1
What is -2 + -8 - (5 - 9)?
-6
What is 7 - 6 - 6 - -1 - 1?
-5
What is 18 + -9 + -14 + -3?
-8
2 - (-3 + 8 - 8) - 0
5
Calculate -2 + 1 + (-5 - -7).
1
Calculate 10 - (14 + -4) - -2.
2
What is the value of 2 + 0 + -1 - (-4 + 2)?
3
Evaluate -5 + 3 + -3 + 1.
-4
What is 6 + -2 + (-4 - -5)?
5
What is ((-9 - -4) + -5 - -4) + 8?
2
5 + (-11 - (3 - 3)) - 4
-10
-2 - (9 + -20 + 8)
1
What is the value of (6 - 4) + (-7 - -11 - 1)?
5
What is 12 + 2 + (-12 - (-7 + 1))?
8
What is the value of -5 + 1 + 35 + -22?
9
Evaluate -4 + 9 - (0 - (1 - 3)).
3
1 - (-6 + 10 - 0)
-3
What is the value of -1 + 6 - (8 - (-9 - -12))?
0
Calculate -3 - 4 - (0 + -9 - -4).
-2
What is 4 - ((2 - 0 - 2) + 3)?
1
5 + (3 - 1 - 5 - -4)
6
What is the value of 3 + (3 + -3 - 0)?
3
Calculate (-4 - -1) + (4 - 3).
-2
What is (-17 - -20) + (-1 - 0)?
2
What is the value of -10 + 10 - ((-1 - 6) + 2)?
5
What is the value of 2 - 4 - -5 - (-1 - 1)?
5
What is the value of 9 - (-10 + 15 - -12)?
-8
1 + 6 - (15 + -6)
-2
What is (-7 + -8 + 14 - -7) + -1?
5
What is the value of 0 + (-6 - (-6 + 5))?
-5
Evaluate -7 + (-1 - (9 - 9)).
-8
What is the value of -4 + (-5 + 4 - (-6 + 1))?
0
Calculate -3 - (-10 - (-1 + -6)).
0
What is the value of -6 + 5 - -7 - 2?
4
What is -4 + 4 + 11 + -10?
1
What is (-31 - -42) + (-6 - 1) - 1?
3
What is -4 - -1 - (10 - 10)?
-3
What is -15 - -16 - (7 - 1)?
-5
What is the value of 0 + (0 - -1) + 4 + -2?
3
What is -1 - (-1 - (7 + -4))?
3
What is the value of (12 - (12 + -5)) + -1 + -2?
2
-4 + (10 + -5 - 9)
-8
Evaluate -3 - 1 - (-36 - -32).
0
Evaluate 1 + (8 - 6) + 0 + 1.
4
What is the value of -2 + -3 + 12 + -6 + 1?
2
Calculate (18 - 11) + (-5 - -4).
6
What is 8 + (-1 - 5) + 0?
2
30 + -37 - (-10 - 0)
3
(24 - (31 - 0)) + 0 + 0
-7
What is -6 + 0 - (17 + -24 + -3)?
4
Evaluate 5 + (1 - 2) - -2 - -1.
7
Evaluate -8 - -11 - (10 + 1).
-8
Evaluate -1 + -2 + 9 + -5 - -5.
6
Evaluate -3 - -2 - 0 - -5.
4
Evaluate -1 + -5 + 11 - (2 + 1).
2
What is the value of -14 - -2 - (-8 + 4)?
-8
What is the value of (7 - (10 - -1) - 2) + 1?
-5
Evaluate -13 + 1 + 11 + (-1 - 6).
-8
Calculate (5 - (-6 + 2)) + (-2 - 0).
7
Calculate 0 + (0 - (-3 + 6)).
-3
What is 6 - 1 - (0 + 9)?
-4
What is the value of 2 + (3 - 1) - (-1 + 1)?
4
What is the value of (-8 - -7) + -3 + 3 - 0?
-1
Calculate 2 + (6 + -1 - (11 - 12)).
8
Calculate 0 + -5 + 3 + 6 + -6.
-2
What is 0 + (-4 - -1 - -4) + -2?
-1
-64 + 75 + -4 + 0
7
Calculate 3 + (-11 - (-7 + 0)).
-1
What is -5 - (5 - 4) - (-5 - 6)?
5
What is the value of 0 - 2 - (1 - (-2 - -2))?
-3
What is -14 - (8 + 5 + -25)?
-2
What is 0 + -1 + 0 + 4 + -2?
1
What is -1 + (-5 - -1) + 0?
-5
What is 0 + 4 + -3 + -3?
-2
What is the value of -7 + 8 - (3 - (-2 - -2))?
-2
What is -2 - -3 - (1 - -2)?
-2
What is -6 + 1 + (4 - 3) - 3?
-7
What is the value of 7 + -1 - ((2 - 1) + 0)?
5
What is -1 + 9 + -3 - (-3 - -12)?
-4
What is 4 + -6 + 0 + 4 + -3?
-1
-10 + (17 - -1) + (0 - 2)
6
Calculate 3 + -4 + 7 + -8.
-2
Evaluate -32 + 25 + 3 + 4.
0
Calculate (-1 - 2 - (21 + -24)) + -3.
-3
Calculate 2 + -7 - (6 - 9) - 0.
-2
(-24 - -20) + 6 + -2 - -8
8
What is (0 - 3) + 2 + 4?
3
Evaluate 5 + (-4 - -3) + 18 + -17.
5
1 + 0 + -21 + 2 + 21
3
What is 10 - (-4 - (11 - 18))?
7
Evaluate 1 + -6 - (-3 - -6) - -2.
-6
Evaluate -4 + 1 - (35 + -30).
-8
-2 - (-3 - (4 - (9 - 0)))
-4
What is the value of 11 + -5 + -5 + -4?
-3
Calculate (0 + 1 - -2) + (20 - 19).
4
What is -9 + 5 + (2 - 0 - -5)?
3
-10 - (3 + (13 - 26))
0
Evaluate 0 + -3 + 2 + 4 + 3.
6
5 - 11 - (-1 - 1)
-4
Evaluate 0 + 1 - 3 - -5 - 8.
-5
What is (-1 + 0 - 0) + 58 + -65?
-8
-3 + 0 + (-8 - -10)
-1
Calculate -13 - -18 - (7 - 3).
1
Calculate -2 + (2 - 6) - -4.
-2
Evaluate (4 - (3 - -4)) + (0 - 2).
-5
Evaluate -2 + (4 + -3 - 0).
-1
(9 - 22) + (13 - 7)
-7
Evaluate 0 + -9 + 5 - -8.
4
Evaluate (0 - 2) + 0 - (-33 + 36).
-5
Evaluate (-7 + 1 - -3) + 4.
1
Evaluate -5 + -1 + 11 - 0.
5
What is the value of (1 - 6) + (3 - (-3 + 4))?
-3
What is -6 + (-3 + 5 - -3) + 8?
7
Calculate 12 + -10 + -5 + -3.
-6
What is 0 + 9 + 3 + -5?
7
(2 - (6 + 0 + -2)) + 2
0
-14 - (-14 - (-8 - -1)) - -13
6
What is the value of (13 - 7) + 0 + -1?
5
Evaluate (0 - (-2 + -2)) + -4.
0
What is the value of -1 - 4 - -2 - (19 + -19)?
-3
Evaluate (-7 - -8) + -2 + 9 + -3.
5
What is (0 - (-8 + -1)) + -10?
-1
What is the value of (6 - 2) + (3 - 4)?
3
What is (0 - 3) + 9 + (-3 - 0)?
3
-6 - (-62 - -53 - (-1 - 1))
1
(-5 - -14) + 3 + -15
-3
Calculate 5 - -2 - (0 - -2).
5
Calculate -2 + -8 + 7 - 8.
-11
What is the value of 0 - (-2 - 1) - 2?
1
What is 0 - (-1 + 0 + 2 + 1)?
-2
Evaluate 7 + (6 - 2) + -7 + -1.
3
What is the value of 1 - ((5 - 9) + (2 - 1))?
4
Evaluate -4 - (0 + -3 - (1 - -2)).
2
What is the value of (0 - -1) + -6 + 0?
-5
Evaluate 1 + (1 + 9 - (-1 + 5)).
7
-5 + 6 + (-1 - -5) + -9
-4
What is -3 - (0 + 2 - (-8 - -13))?
0
Evaluate -1 + -1 + 1 + 1 + -2.
-2
Evaluate 2 - (-1 + -2) - (-6 - -12).
-1
Evaluate 0 - -5 - 0 - 5.
0
What is -186 + 184 + 0 + -1 + 2?
-1
2 - 2 - -5 - 2
3
Calculate -1 + 0 - ((-13 - -20) + -5).
-3
What is the value of -14 + 6 + 13 + -9?
-4
6 + -13 + 13 + -7
-1
What is 2 + 2 - (-5 + 4) - 1?
4
Calculate -4 - 0 - (-2 - 7).
5
-19 + 14 + -2 - -10
3
What is the value of 2 + 2 + 0 - -1?
5
Calculat